f 38 and 439831?
19
Calculate the highest common factor of 13278 and 1950.
6
What is the greatest common divisor of 680 and 1080?
40
Calculate the greatest common divisor of 118366 and 2.
2
Calculate the highest common divisor of 1919 and 2020.
101
Calculate the greatest common divisor of 3233 and 1.
1
Calculate the greatest common divisor of 4 and 1663742.
2
Calculate the greatest common divisor of 580 and 4010.
10
What is the highest common factor of 11991820 and 20?
20
What is the greatest common factor of 124312 and 738?
82
Calculate the highest common factor of 2236 and 196.
4
What is the highest common divisor of 762 and 2977007?
127
What is the highest common factor of 2964 and 65949?
741
Calculate the greatest common divisor of 364 and 716612.
52
What is the highest common factor of 5829 and 783?
87
Calculate the greatest common divisor of 10375 and 34445.
415
Calculate the highest common factor of 4620 and 15960.
420
What is the highest common divisor of 2780 and 491087?
139
What is the highest common divisor of 26 and 18122234?
26
Calculate the greatest common divisor of 66 and 111606.
66
What is the highest common factor of 45 and 587313?
9
Calculate the highest common divisor of 93740 and 688.
172
Calculate the highest common divisor of 185 and 3515.
185
What is the greatest common divisor of 58387 and 665?
133
What is the greatest common factor of 154 and 170786?
154
What is the highest common factor of 5560 and 240?
40
What is the greatest common divisor of 26248 and 52?
4
Calculate the highest common divisor of 154 and 30118.
22
Calculate the highest common factor of 2869 and 40921.
151
What is the highest common factor of 26 and 7928089?
13
Calculate the greatest common divisor of 1368 and 130896.
72
Calculate the greatest common factor of 200 and 7328.
8
What is the greatest common divisor of 1245 and 12533?
83
Calculate the greatest common divisor of 592 and 880.
16
What is the highest common factor of 184 and 13451504?
184
Calculate the highest common divisor of 58578 and 1846.
26
What is the greatest common factor of 291 and 43747?
97
What is the highest common factor of 36 and 16758?
18
What is the greatest common factor of 60792 and 66?
6
What is the highest common factor of 2640 and 5511?
33
What is the highest common divisor of 93 and 2935297?
31
What is the highest common factor of 357 and 358275?
51
What is the highest common factor of 19596 and 92868?
852
Calculate the greatest common divisor of 8 and 740.
4
Calculate the greatest common factor of 4599 and 5256.
657
Calculate the greatest common factor of 60 and 1088230.
10
What is the highest common factor of 729 and 3975966?
729
Calculate the highest common divisor of 252 and 30492.
252
Calculate the greatest common factor of 4864 and 17.
1
Calculate the highest common divisor of 167 and 1280222.
167
What is the highest common divisor of 33 and 1661?
11
What is the highest common divisor of 522 and 187282?
58
What is the highest common factor of 2810120 and 3912?
1304
What is the highest common factor of 398115 and 405?
405
Calculate the highest common divisor of 48 and 288606.
6
What is the highest common divisor of 29822 and 4154?
62
Calculate the highest common divisor of 7 and 241619.
7
Calculate the highest common factor of 88 and 76692.
44
Calculate the highest common factor of 6608 and 124.
4
Calculate the highest common divisor of 44555 and 105.
35
What is the highest common factor of 228454 and 5150?
206
What is the greatest common factor of 126412 and 1496?
748
What is the greatest common factor of 1649261 and 115?
23
What is the greatest common divisor of 444 and 240?
12
Calculate the greatest common divisor of 1430 and 1755.
65
What is the highest common factor of 60 and 4664130?
30
Calculate the highest common divisor of 4439 and 8685.
193
Calculate the highest common factor of 5874 and 90246.
534
Calculate the greatest common divisor of 824 and 32239.
103
What is the highest common divisor of 8122 and 164536?
262
What is the highest common divisor of 64 and 5752?
8
Calculate the highest common divisor of 52856 and 16.
8
Calculate the greatest common factor of 796538 and 488.
122
Calculate the greatest common divisor of 65895 and 49851.
573
Calculate the greatest common factor of 28567 and 6996.
583
Calculate the greatest common factor of 47567 and 39.
13
What is the highest common factor of 295 and 388869?
59
Calculate the greatest common divisor of 42 and 11655.
21
What is the greatest common divisor of 391 and 10336?
17
What is the greatest common factor of 4147144 and 106?
106
Calculate the greatest common divisor of 25 and 1353.
1
Calculate the greatest common divisor of 2174784 and 6204.
564
What is the greatest common factor of 468 and 126594?
234
What is the highest common factor of 360 and 241605?
45
What is the highest common divisor of 222816 and 40?
8
What is the greatest common factor of 4998 and 7973?
119
What is the greatest common divisor of 2576 and 8400?
112
Calculate the highest common divisor of 62 and 1772.
2
Calculate the greatest common divisor of 361 and 7353.
19
What is the greatest common factor of 680 and 490?
10
What is the greatest common divisor of 2075 and 40?
5
What is the greatest common factor of 64945 and 775?
155
Calculate the highest common factor of 704566 and 1208.
302
What is the greatest common factor of 8875 and 142?
71
What is the greatest common factor of 22638 and 16709?
539
What is the greatest common divisor of 1544 and 1912?
8
What is the highest common factor of 4729087 and 22?
11
Calculate the highest common factor of 539 and 20856.
11
Calculate the greatest common factor of 15655 and 202.
101
What is the highest common factor of 404238 and 48?
6
Calculate the highest common divisor of 2628 and 3533346.
1314
Calculate the highest common factor of 10958 and 136.
2
Calculate the highest common divisor of 26 and 574873.
13
Calculate the highest common factor of 12805 and 430.
5
Calculate the greatest common factor of 2081 and 5.
1
Calculate the highest common factor of 297041 and 85.
17
Calculate the greatest common divisor of 4301 and 23375.
187
Calculate the highest common divisor of 2687279 and 497.
497
What is the greatest common factor of 165 and 587235?
165
What is the greatest common divisor of 48 and 2482608?
48
What is the highest common factor of 317992 and 8?
8
Calculate the highest common factor of 4958844 and 132.
132
Calculate the greatest common divisor of 90 and 163415.
5
What is the greatest common divisor of 1638 and 121940?
182
What is the highest common divisor of 34035 and 255?
15
What is the greatest common factor of 6552 and 175448?
728
What is the greatest common factor of 8633 and 1455?
97
Calculate the greatest common divisor of 10693 and 84915.
629
What is the highest common factor of 776 and 1280?
8
What is the highest common factor of 103424 and 17978?
202
What is the greatest common factor of 792 and 83457?
99
Calculate the greatest common divisor of 21507 and 535.
107
Calculate the highest common divisor of 24390 and 630.
90
Calculate the greatest common divisor of 3944 and 7192.
232
Calculate the highest common factor of 1384522 and 31.
31
Calculate the greatest common divisor of 350 and 105658.
14
Calculate the greatest common divisor of 903173 and 159.
53
Calculate the greatest common factor of 736709 and 443.
443
Calculate the highest common factor of 200620 and 448.
28
What is the greatest common divisor of 56706 and 312?
78
Calculate the highest common factor of 7505223 and 33.
33
What is the greatest common factor of 1644 and 1599?
3
Calculate the greatest common factor of 525376 and 320.
64
What is the highest common factor of 164824 and 297?
11
What is the greatest common divisor of 17598 and 13408?
838
What is the highest common divisor of 285 and 2145?
15
Calculate the greatest common factor of 8360 and 3113.
11
What is the highest common factor of 628 and 196?
4
What is the highest common divisor of 105 and 548610?
15
What is the greatest common divisor of 2229603 and 1695?
339
What is the highest common divisor of 45 and 20635?
5
Calculate the highest common factor of 11 and 621918.
11
What is the greatest common factor of 147350 and 3150?
350
What is the gr